/(-6))/(z/7185) a composite number?
False
Suppose -6*y + y = -15. Let i = y + 4. Suppose 9*a = i*a + 26. Is a composite?
False
Is 3/(-33) + 5 + (-59270)/(-22) a prime number?
True
Suppose -4*d - 4*z - 100 = 0, 4*d - 4*z + 84 + 32 = 0. Let w = 70 + d. Is w composite?
False
Suppose 7*a - 24057 = -7726. Is a a composite number?
False
Let i(v) = -3*v**3 + 17*v**2 + 27*v + 21. Is i(-8) composite?
True
Let s = 52 + -48. Suppose -4*l = -3*w + 779, 2*w - s*w = -3*l - 521. Is w a prime number?
False
Let x = 33300 + 4007. Is x prime?
True
Let f = 91 - 81. Suppose -10 = 5*y, f*y - 9*y + 5577 = 5*l. Is l a prime number?
False
Suppose -10*q + 9*q = -7. Suppose q*b + 3*b = 2570. Is b composite?
False
Suppose 0 = -2*f + 6, 3*o - f - 27 = -6*f. Suppose -84 - 440 = -o*j. Is j composite?
False
Let z(m) = 3*m + 11. Let j be z(7). Suppose 0 = -j*p + 36*p - 6628. Is p composite?
False
Is (-172 + 173)/((-2)/(-51862)) a composite number?
False
Let n(r) = -5*r + 6. Let i be n(2). Let q be 600/7 - i/14. Let z = q - -99. Is z a composite number?
True
Let n(q) = 6*q**2 + 35*q + 150. Is n(-7) composite?
False
Is (2 + -6)*4137/(-28) a composite number?
True
Suppose -6*g = -35677 - 7385. Is g a composite number?
False
Let q(j) = 143*j**2 - 15*j - 20. Let t(r) = -48*r**2 + 5*r + 7. Let f(g) = 6*q(g) + 17*t(g). Is f(-2) a prime number?
False
Suppose 32*q = 5*j + 33*q - 5607, 4*q = 4*j - 4476. Is j prime?
False
Suppose 2*q + 3*q = 9195. Suppose 5*z + q = 27284. Is z prime?
False
Suppose -3*o = 0, 5*o - 5045 = -0*r - 5*r. Is r prime?
True
Let y = 104289 - 44132. Is y prime?
False
Suppose 0 + 12 = d - 5*o, 4*o + 24 = -4*d. Let y(b) = b - 4. Let h be y(3). Is d/((-32)/28 - h) prime?
False
Let m = -2 - -9. Let j = -56 + m. Let o = -35 - j. Is o prime?
False
Let h(p) = -56*p**3 - p**2 - p. Let q be h(-1). Let n = 29 - -94. Let s = q + n. Is s a prime number?
True
Suppose -d + 9568 = -4*a - 2189, -47073 = -4*d + 7*a. Is d a composite number?
False
Suppose -11*h + 150180 = h. Is h a composite number?
True
Let v(s) be the first derivative of 153*s**4/2 + 2*s**3/3 - s**2 + s + 40. Let w = 3 - 2. Is v(w) prime?
True
Suppose -3*l + o + 19616 = 0, 2203 = -l - o + 8735. Is l a prime number?
False
Let t = 1 + -4. Let k be 3*(t + 1 + 7). Suppose -q + 74 = k. Is q composite?
False
Suppose 0 = 42*b - 417585 - 2802177. Is b a prime number?
False
Suppose 0 = 5*z - 4*c - 41, 4*z - 42 + 4 = -2*c. Is ((-3)/z)/(4/(-1884)) a prime number?
True
Suppose 4*l - 74 = -2*p, -4*l + 110 = 3*p + l. Suppose -p*k = -37*k + 1618. Is k a prime number?
True
Suppose -39 = 3*l - 108. Let b = 532 - l. Is b a composite number?
False
Let x be ((-9)/(-2))/(-2*(-12)/(-32)). Let j(t) = -343*t - 13. Is j(x) a composite number?
True
Let o(h) be the second derivative of h**4/12 + h**3 - h**2/2 + 3*h. Let c be o(-11). Let i = 113 - c. Is i a composite number?
False
Suppose -5*u = 77*j - 75*j - 11807, 3*j + 2*u - 17716 = 0. Is j prime?
False
Let f = -145 - -150. Suppose -5*o + 0*j + 3420 = -f*j, 685 = o - 2*j. Is o composite?
False
Let p be 4/6 + (-230)/(-15). Let t = p - 6. Suppose 47 = y + t. Is y a composite number?
False
Let s be (-2 - 30312)*(-3)/6. Suppose 11*x = -12*x + s. Is x a prime number?
True
Let w = -939 - -4048. Is w composite?
False
Let l be 2 + 29 + 4 + -4. Let y = 33 - l. Suppose k - 797 = -y*d, -d - 1297 + 5237 = 5*k. Is k prime?
True
Let r(t) be the second derivative of 9*t**4/4 - t**3/3 - 5*t**2/2 + 17*t. Is r(-6) composite?
True
Let d(o) = -o**2 + 4*o + 1. Let p be d(3). Suppose -3*i - p*v + 28 = 0, 2*v - 4 = v. Suppose -5*b - 4*a + 437 = 0, -5*a - 99 = -i*b + 3*b. Is b composite?
False
Let z(h) = 269*h - 13. Let w be z(8). Suppose q = 5*f + w, -4*f - 186 - 1957 = -q. Is q composite?
True
Let w be 1/14*-4*-7. Let i = 28 - 18. Suppose d - w*s = s + 29, 0 = -5*s - i. Is d composite?
False
Suppose -5095 = -0*f - 5*f. Suppose 4*z = 4687 - f. Is z composite?
True
Let y(i) = -3*i**3 - 15*i**2 + 20*i + 2. Let q(g) = -2*g**3 - 7*g**2 + 10*g + 1. Let l(m) = -5*q(m) + 3*y(m). Is l(12) a composite number?
False
Let s = 360 + -126. Suppose m + s = 725. Is m composite?
False
Let n be 4/14 - 78/(-21). Suppose -n + 2 = -k. Suppose -k*j + 0 = -2, 5*b - 921 = 4*j. Is b a prime number?
False
Suppose 0 = -2*u - 52 + 206. Suppose 4*j + 95 = -73. Let p = j + u. Is p prime?
False
Let y = 2853 + -1281. Suppose -3*f = f - y. Is f composite?
True
Let h be 120/(-9)*54/24. Is (-1550)/(-4) + h/20 a composite number?
True
Is (-7)/14*(-12226)/1 a composite number?
False
Let r(h) = -87*h**2 - 8*h - 8. Let m be r(-4). Let c = -499 - m. Is c a composite number?
True
Let m(q) = 76*q + 1. Let g(t) = t - 8. Let u be g(6). Let x be u - (-4)/(-4)*-3. Is m(x) a composite number?
True
Suppose -2*c + 24908 = -a + 3*a, 0 = 2*c - a - 24899. Is c composite?
False
Let g be (-48)/10 - 7/35. Let v be (-3 - 1)*g/(-10). Let r(b) = 54*b**2 - 5*b - 5. Is r(v) a prime number?
False
Let g(y) = y**3 - 2*y**2 + 3*y + 2. Let k be g(3). Suppose -435 = 15*x - k*x. Is x a prime number?
False
Let j be (-117)/(-3) - (0 - 3). Let p = j + 305. Let d = p - 134. Is d prime?
False
Suppose 3*v - 7*v = -56. Suppose 625*t - 633*t + 7120 = 0. Suppose -v*w + 16*w = t. Is w composite?
True
Let w = 41 - 16. Suppose -3*u - 4*h = -w, 7*h = 3*h + 16. Is (-2)/1 + u + 186 a prime number?
False
Suppose 0 = -14*y + 9*y + 7045. Is y a composite number?
False
Suppose -8 = -g - 0. Suppose 2*m = -2*m - 3*j - 763, 5*j - 910 = 5*m. Is g - 7 - (1 + m) a composite number?
True
Suppose -2*k + 5529 + 5093 = 0. Is k a prime number?
False
Suppose 79*w = 105*w - 36634. Is w prime?
True
Is (40/(-80))/((-2)/40292) a composite number?
True
Let k(f) be the first derivative of 118*f**2 - 3. Let j be k(1). Suppose -4*s = -j - 24. Is s a composite number?
True
Suppose 8*d - 258 = 254. Suppose d - 3 = 4*l - 5*k, l - 16 = k. Is l a prime number?
True
Let h = -92 - -251. Is h a prime number?
False
Suppose -4*q = -z - 351, q + 5*z - 35 = 37. Is q composite?
True
Suppose -17*i = 27668 - 107738. Suppose i = 7*g - g. Is g a composite number?
True
Let x(z) = 4*z**2 - 33*z + 232. Is x(13) composite?
False
Suppose -2*j = -3*o - 295 - 271, 0 = -2*j + 5*o + 562. Let s(a) = -20*a + 40. Let m be s(2). Suppose -g - g + j = m. Is g prime?
False
Let x be 2 - ((-4)/(-1) - 12). Let u be 5*(266/x + 1). Suppose 0*i + 3*i = u. Is i prime?
False
Let v(w) = 12*w**2 + 19*w + 19. Let a be v(-8). Let u = a - 222. Is u composite?
True
Let p(a) = -a**2 + a - 20. Let l be p(16). Is 14/(-14) + 3/((-3)/l) composite?
True
Suppose -c + 69 = -43. Suppose -2*n = -14 + 18, -2*r = -5*n + 108. Let j = r + c. Is j prime?
True
Suppose -1876 + 686 = -10*f. Is f a composite number?
True
Suppose -174823 = -0*j - 11*j. Is j a prime number?
False
Is 4835*((-6)/8 - 92/(-80)) a prime number?
False
Suppose -3216 - 25749 = -15*l. Is l composite?
False
Let b(l) = -2*l. Suppose 5*z - 2 = 8. Let y be b(z). Is 1/y + 4185/20 composite?
True
Suppose -2*l - 9 = -9. Suppose l = -36*m + 31*m + 6845. Is m composite?
True
Let f = 3220 + -1659. Is f a composite number?
True
Suppose 5*k + 988 = 6*k. Let c = k + 98. Suppose -c = -5*o + 3709. Is o composite?
True
Suppose 0 = 5*g - g + 5*c - 20, -g - c + 4 = 0. Suppose -2*r + 2*o + 834 = g, -o - 2 = -7. Is r a prime number?
False
Suppose -3*w - 24791 - 12171 = -5*r, -4*r - 3*w + 29575 = 0. Is r composite?
False
Let u = 107 - -121. Suppose 4*p - u = 2*l, 0 = 4*l - 5*l + p - 110. Let m = -49 - l. Is m prime?
False
Suppose -39*f = -50030 - 34093. Is f a prime number?
False
Let u = -980 - -1887. Is u a prime number?
True
Let g(o) = 61*o**2 + o + 7. Suppose -5*n + 3*n + 8 = 0. Let u be g(n). Suppose 2*w - u = 591. Is w prime?
False
Suppose -106*u = -112*u + 21882. Is u composite?
True
Let o = 21070 - 12344. Suppose 4*t - 5*v + 3418 = 12165, -4*t - 2*v + o = 0. Is t prime?
False
Let y(h) = 8*h**3 + 3*h**2 - 2*h - 10. Let n(r) = 17*r**3 + 7*r**2 - 5*r - 21. Suppose 2*d - 4*d + 26 = 0. Let w(q) = d*y(q) - 6*n(q). Is w(3) a prime number?
False
Let l = -252921 + 425354. Is l prime?
True
Is (-15)/(-90) + 2842/12 a prime number?
False
Suppose -13*d = -17*d + 12. Is (0 - (-4 + d)) + 52 a composite number?
False
Suppose -3*d + y + 5848 = 0, -2*d = -5*y - 1271 - 2632. Is d a prime number?
True
Is ((-261923)/(-74))/(0 - (-1)/2)